 2. Let o be y(10). Suppose -2*u + 145 = 3*a + 33, -u = 4*a - 141. Let h = o + a. Is h a multiple of 17?
False
Let m(d) = 29*d + 64. Is m(13) a multiple of 13?
False
Let t(u) = 14*u**2 + u - 4. Let j(f) = -2*f**3 + 1. Let o be j(-1). Is t(o) a multiple of 30?
False
Does 70 divide -6 + (-1338)/(4/(-2))?
False
Let g = 182 + 388. Does 9 divide g?
False
Suppose 11*d = 9*d - 36. Does 6 divide (d/15)/((-1)/20)?
True
Let w = 218 + -75. Suppose -4*o + 224 = 4*f, -f + 2*o + w = 2*f. Suppose 2*g + 7 = n + 1, 5*n - 3*g - f = 0. Is n a multiple of 12?
True
Suppose o + 6 = -5*o. Is 24 a factor of -3 - (77/o + 2)?
True
Let n = -9 + 19. Let p = -2 + n. Suppose 4*b = -3*f - f + p, -4*b + 24 = -4*f. Does 3 divide b?
False
Let h(u) = u + 65. Does 29 divide h(22)?
True
Let f(b) = -2*b**2 + 18*b + 35. Let n be f(15). Let s = -24 - n. Is s a multiple of 11?
True
Suppose 0 = b - 5*b + 8. Let s(a) = 8*a**2 + 2*a + 1 + 8*a**b + 13*a**2. Is 14 a factor of s(-1)?
True
Let k = -9 + 9. Suppose -3*u + 5*h = -148, 6*u - 158 = 3*u - 5*h. Suppose -2*d + 5*d - u = k. Is 17 a factor of d?
True
Suppose 788 = s + s. Is 15 a factor of s?
False
Let i(y) = 3*y**2 - 11*y + 6. Let l be (-156)/(-36) - (-1)/((-6)/(-4)). Is i(l) a multiple of 6?
False
Suppose 0 = -8*a + 2*a. Is 119 - (a/(-1) + 1) a multiple of 50?
False
Suppose -2*n = 5*f - 5249, 4*n + 58*f = 56*f + 10506. Does 37 divide n?
True
Let g(d) = 23*d**2 - 3*d - 6*d**2 + 6*d. Let v be g(2). Suppose -v = 3*o - 176. Does 14 divide o?
False
Suppose 0 = -12*h + 9*h - 12. Let w(z) = z**2 + 2*z - 5. Let x be w(h). Suppose 238 = x*t - 14. Is 21 a factor of t?
True
Suppose -4*c + 9*c + 260 = 0. Let d(k) = 14*k**3 + 11*k**2 + 22*k + 5. Let q be d(-2). Let f = c - q. Is f a multiple of 8?
False
Let o(n) = 6*n + 40. Let z be o(-7). Is (12*(-8 - -2))/(z/7) a multiple of 18?
True
Let s(u) = -1801*u - 194. Is 24 a factor of s(-2)?
True
Let u = -8 - -15. Let h = u + -7. Suppose -2*i + 26 = -h*i. Is 7 a factor of i?
False
Suppose 9*y - 11*y = 6. Let z = y + 8. Is 3 a factor of z?
False
Let y = 4115 - 2171. Does 54 divide y?
True
Let u = -4 + 12. Suppose -u*h + 223 = -73. Is 27 a factor of h?
False
Let n(y) = 2*y**2 - 80*y - 414. Is 4 a factor of n(45)?
True
Let a(y) = -2*y**3 + 13*y**2 + 24*y - 7. Does 4 divide a(-3)?
True
Let x = -227 + 417. Is 9 a factor of x?
False
Suppose 0*y - 2*y + 10 = 0. Suppose m - 4*m + 2238 = y*f, -5*f + 5*m + 2230 = 0. Suppose 4*p - 3*j - f = -2*j, -p = 4*j - 99. Is p a multiple of 36?
False
Suppose 5*k - 572 = -4*h, 5*h + 4*k - 1046 = -340. Suppose 3*b = 5*t + 238, -h - 80 = -3*b - 5*t. Is 14 a factor of b?
False
Let t(r) = r**3 - 4*r**2 + 7*r + 6. Let j be (-3)/3*(5 + -3). Let q be (85/51)/(j/(-6)). Is t(q) a multiple of 18?
False
Let q(y) = -y**2 - 16*y - 14. Let n be q(-11). Let t(v) = 3*v**2 - 2*v + 2. Let r be t(1). Suppose r*g - 2*g - n = 0. Does 8 divide g?
False
Suppose 3*n - k + 3293 = 9428, -10221 = -5*n + 3*k. Is 33 a factor of n?
True
Let q(n) = -5*n + 3. Let o be q(0). Suppose 21 = o*r - 4*u, -3*u + 5 = r + 11. Is r a multiple of 2?
False
Let d = -31 - -37. Let g(k) = k**2 + 6*k + 4. Is g(d) a multiple of 11?
False
Suppose 8*o = 49 - 57. Is 56 a factor of 357 + 1 - (o + 2)?
False
Let j(i) = -6*i**2 - 9*i + 1. Let h(r) = -7*r**2 - 9*r + 1. Let v(q) = -5*h(q) + 6*j(q). Is 3 a factor of v(-8)?
True
Let h(s) = -2*s**2 + s - 755. Let z be h(0). Let v = -1 + 3. Does 17 divide v/(-6) - z/15?
False
Suppose -5*y + 925 = 5*j, -3*j = j + 5*y - 736. Let v = j + -69. Is 15 a factor of v?
True
Suppose -2*f + 11 = 2*m - 3*f, 0 = -2*m + 4*f + 14. Suppose 1 = -4*n + m*n. Let i = n + 7. Is i even?
True
Let w = -5 + 3. Let f(k) = 2*k**2 - k - 2. Let i be f(2). Is 18 a factor of -46*w/i*3?
False
Suppose i = 3*s - 4, 2*i - 2*s + 1 - 13 = 0. Suppose -i*c = -430 - 263. Is c a multiple of 9?
True
Suppose -33 = -5*h - 8. Suppose 48 = h*m - 2*m + 3*w, -5*m = -4*w - 44. Is m a multiple of 8?
False
Suppose -4*c - 3 = 1. Let x = -17 - c. Let v = -7 - x. Does 7 divide v?
False
Is 18 a factor of 7/((-49)/(-6)) - (-26028)/63?
True
Suppose 0 = -5*a + 20 + 5. Is 11 a factor of (32/a)/((-14)/(-245))?
False
Let f = -632 + 1848. Is f a multiple of 64?
True
Let v(s) = s**2 - 2. Let o be v(2). Suppose 3*x - 63 = 3*n, -5*x - o*n = -35 - 49. Does 3 divide x?
True
Let s(n) = 13*n + 13. Let j be s(-6). Let d = j - -96. Suppose -d - 23 = -t. Is t a multiple of 10?
False
Is 15 a factor of 23/((-460)/(-1352)) + (-4)/(-10)?
False
Suppose 5*d + 2 = 12. Let o(k) = -k**3 + 4*k**2 - 2*k + 2. Let a be o(d). Suppose -y = -4*y + a. Is 2 a factor of y?
True
Let n = -13 + 15. Let f(g) = g**3 + n*g + 0 + 7*g**2 + 2*g + 0*g + 2. Does 16 divide f(-5)?
True
Suppose -l - 248 = -q + 183, 0 = -4*q + 3*l + 1719. Is 36 a factor of q?
False
Is (-204)/(-1)*14/28 + -4 a multiple of 7?
True
Let y = 42 - 109. Let k = -4 - y. Is 9 a factor of k?
True
Let u be 16*(1782/24)/(-9). Let w = -26 - u. Is 15 a factor of w?
False
Let g be (-3 - -11) + -5 + 4. Let i(y) = -y**3 + 6*y**2 + 17*y - 4. Is i(g) a multiple of 22?
True
Let o(h) = 8 + h**3 - 3 + 6*h**2 + h**2. Suppose -5*j - 11 = 2*x + 20, 4*j - 2*x = -32. Is o(j) a multiple of 2?
False
Suppose -y - 5 = -3. Let m be 3/((1 - y) + -2). Suppose 4*k = f - m*f + 36, -4*f = 5*k - 45. Is 2 a factor of k?
False
Let f(u) = -2*u**3 + u**2 + 12*u + 4. Is 7 a factor of f(-4)?
False
Let b be 2/((-2)/1) - (-70 + -4). Suppose -2*j = 0, r = -0*j + 5*j + b. Is r a multiple of 24?
False
Suppose -33*l + 4046 = -19*l. Is l a multiple of 16?
False
Let c(n) = 14*n**2 + 8*n - 4. Is c(4) a multiple of 21?
True
Suppose -4*y - 44 = -0*y. Let g = 13 + y. Suppose 180 = -g*a + 7*a. Is a a multiple of 12?
True
Let t(z) = 2*z**3 - 4 + 0 - 2*z + 3*z**3 - 3*z**2. Is t(3) a multiple of 8?
False
Suppose -2486 = -18*y + 13*y - 4*x, -2*y + 1001 = -5*x. Is 6 a factor of y?
True
Let y be (-358)/12 + 5/(-30). Let v = y + 36. Let b = 52 - v. Is b a multiple of 13?
False
Let m = -13 - -16. Suppose m*d = 4*d. Suppose d*c = 3*c - 72. Does 7 divide c?
False
Let w = 344 + 38. Suppose w = 4*u - 818. Does 24 divide u?
False
Suppose -6*v + 5*t = -v - 5035, 2*v + 5*t = 2007. Is v/8 + 8/32 a multiple of 46?
False
Suppose -19*w = -1220 - 5867. Does 10 divide w?
False
Let h = 2464 - 836. Is h a multiple of 70?
False
Suppose 0 = 3*y + 15 - 69. Suppose -2*l = -3*k - l + 14, y = k - 3*l. Suppose -k*t = -0 + 15, 55 = 5*w + 2*t. Is 2 a factor of w?
False
Let o be -3 + (-3 - -4) - 73. Let p be o/(-18) + 1/(-6). Suppose -3*t = -p*i - 13 - 63, -2*t - i = -36. Is t a multiple of 10?
True
Suppose -115 = 3*u + g, 2*g - g = 5*u + 205. Is 25 a factor of 105/(-28)*u/3?
True
Let v(m) = -57*m + 10*m + 15 + 25*m - 3*m**2. Is 13 a factor of v(-7)?
False
Is 13 a factor of 1*(-6 + 131) - -1?
False
Suppose 25816 = 14*v + 14*v. Does 20 divide v?
False
Suppose -2*y = -6*y + 68. Suppose -w + 54 = y. Is 6 a factor of w?
False
Let r(o) = -46*o - 33. Let s be r(-5). Suppose -17*b = -16*b - s. Does 24 divide b?
False
Let u(b) = -b**3 + 4*b**2 - 4*b + 3. Let r be u(2). Suppose 8 - 18 = -5*j. Suppose 0 = r*o - j - 16. Is 3 a factor of o?
True
Let j be (-287)/(-14) - 2/(-4). Let h be ((-7)/j)/((-2)/18). Suppose -l = h*l - 8. Is 2 a factor of l?
True
Let q(y) = 2*y**2 + 16*y - 28. Let t(n) = -5*n**2 - 32*n + 56. Let k(u) = 7*q(u) + 3*t(u). Is 7 a factor of k(13)?
False
Let q = 154 + -49. Let s = 77 + -74. Suppose -s*j + 18 + q = 0. Is 11 a factor of j?
False
Suppose 2*v = 4*y - 0*y - 92, 4*v + 3*y + 140 = 0. Let p = 16 - v. Does 8 divide p?
False
Let w = 313 + 155. Does 13 divide w?
True
Suppose -4*b + 5*l + 5853 = 1482, 0 = -2*b + 4*l + 2178. Does 87 divide b?
False
Let k = 9 + -12. Let j be 8/k*(-57)/4. Let p = j - 24. Is p a multiple of 5?
False
Let u be (-32)/(-6)*(-21)/(-14). Let l be 36/(-27)*(u - 2). Let a(n) = -n - 1. Does 7 divide a(l)?
True
Suppose 3*k + b - 2017 = 0, -5*b = 5*k - 1302 - 2063. Is 5 a factor of k?
False
Let h = -782 - -1073. Is h a multiple of 32?
False
Let g = -4685 + 7077. Does 8 divide g?
True
Let m be 1*148/(-12)*-3. Suppose 353 = 5*o - m. Is 39 a factor of o?
True
Suppose 7260 = 173*c - 151*c. Is c a multiple of 31?
False
Let k(q) = -42*q**3 + 2*q**2 - 4*q + 2. Let g(x) = -42*x**3 + x**2 - 3*x + 1. Let l(c) = 3*g(c) - 2*k(c). Suppose 0 = 214*t - 179*t + 35. Is 6 a facto